
True
Is 32 a factor of 160?
True
Is 240 a multiple of 5?
True
Is 17 a factor of 34?
True
Does 13 divide 215?
False
Does 11 divide 1487?
False
Is 3173 a multiple of 84?
False
Is 272 a multiple of 21?
False
Does 90 divide 16920?
True
Is 847 a multiple of 61?
False
Is 22692 a multiple of 31?
True
Does 324 divide 89587?
False
Does 26 divide 130?
True
Is 43 a factor of 6794?
True
Is 1027 a multiple of 44?
False
Is 137 a factor of 7261?
True
Is 101 a factor of 8787?
True
Is 56 a multiple of 3?
False
Is 5 a factor of 16318?
False
Does 31 divide 1395?
True
Is 15 a factor of 660?
True
Is 22997 a multiple of 12?
False
Is 10 a factor of 218?
False
Is 5565 a multiple of 21?
True
Is 13 a factor of 1246?
False
Is 2 a factor of 212?
True
Does 2 divide 4301?
False
Is 2553 a multiple of 37?
True
Is 20 a factor of 1200?
True
Is 82 a factor of 825?
False
Is 3724 a multiple of 76?
True
Is 43 a factor of 19671?
False
Does 11 divide 2475?
True
Does 66 divide 1782?
True
Does 4 divide 396?
True
Does 9 divide 882?
True
Is 39 a factor of 117?
True
Does 5 divide 13890?
True
Is 2860 a multiple of 14?
False
Is 10323 a multiple of 37?
True
Does 24 divide 2304?
True
Is 140 even?
True
Is 2602 a multiple of 108?
False
Does 37 divide 41847?
True
Is 11 a factor of 330?
True
Does 5 divide 134?
False
Is 3145 a multiple of 61?
False
Is 9 a factor of 738?
True
Does 28 divide 1820?
True
Does 17 divide 2856?
True
Does 86 divide 12617?
False
Does 3 divide 288?
True
Is 25 a factor of 7376?
False
Is 535 even?
False
Does 23 divide 3473?
True
Does 9 divide 5634?
True
Does 9 divide 1728?
True
Does 43 divide 625?
False
Is 11 a factor of 4213?
True
Is 368 a multiple of 76?
False
Is 17 a factor of 229?
False
Is 76 a factor of 1725?
False
Is 2718 a multiple of 21?
False
Does 14 divide 2268?
True
Is 9743 a multiple of 23?
False
Is 89 even?
False
Is 39 a factor of 662?
False
Is 12738 a multiple of 22?
True
Does 74 divide 15540?
True
Is 522 a multiple of 6?
True
Is 25 a factor of 300?
True
Is 21 a factor of 4658?
False
Does 2 divide 344?
True
Does 47 divide 5358?
True
Does 16 divide 1713?
False
Does 9 divide 1034?
False
Is 4 a factor of 5776?
True
Is 30 a factor of 12511?
False
Is 57 a factor of 2793?
True
Does 25 divide 706?
False
Does 28 divide 558?
False
Is 431 a multiple of 5?
False
Does 24 divide 37464?
True
Does 36 divide 5643?
False
Does 15 divide 1440?
True
Is 8 a factor of 560?
True
Is 23026 a multiple of 47?
False
Does 8 divide 4768?
True
Does 26 divide 3386?
False
Is 2940 a multiple of 14?
True
Is 18 a factor of 12831?
False
Is 101 a multiple of 8?
False
Is 10 a factor of 479?
False
Is 12 a factor of 2108?
False
Is 82620 a multiple of 34?
True
Is 5836 a multiple of 6?
False
Does 2 divide 170?
True
Does 10 divide 1410?
True
Is 3180 a multiple of 40?
False
Is 9 a factor of 515?
False
Is 3 a factor of 4702?
False
Is 14130 a multiple of 18?
True
Is 8774 a multiple of 41?
True
Is 129 a factor of 704?
False
Is 510 a multiple of 30?
True
Is 32 a factor of 34904?
False
Is 82 a factor of 31193?
False
Is 3423 a multiple of 13?
False
Is 764 even?
True
Is 40 a multiple of 2?
True
Is 5 a multiple of 3?
False
Is 1153 a multiple of 11?
False
Is 9 a factor of 81225?
True
Does 153 divide 22438?
False
Is 23 a factor of 3643?
False
Is 35 a factor of 9098?
False
Does 6 divide 10074?
True
Is 35 a factor of 455?
True
Is 29520 a multiple of 24?
True
Does 111 divide 69423?
False
Is 560 a multiple of 20?
True
Does 75 divide 2721?
False
Is 753 a multiple of 22?
False
Is 112 a factor of 17696?
True
Is 85 a multiple of 17?
True
Is 24 a factor of 3792?
True
Is 7854 a multiple of 119?
True
Is 521 a multiple of 65?
False
Does 40 divide 5480?
True
Does 25 divide 7450?
True
Is 19 a multiple of 7?
False
Is 770 a multiple of 77?
True
Does 121 divide 26865?
False
Is 734 a multiple of 9?
False
Does 10 divide 1250?
True
Does 14 divide 2039?
False
Is 29 a factor of 136518?
False
Is 21 a factor of 10605?
True
Is 1980 a multiple of 6?
True
Is 346 a multiple of 2?
True
Is 67 a factor of 2392?
False
Is 910 a multiple of 5?
True
Does 47 divide 2303?
True
Does 16 divide 46540?
False
Is 744 a multiple of 3?
True
Is 444 a multiple of 6?
True
Does 19 divide 57589?
True
Is 9 a factor of 3726?
True
Is 20982 a multiple of 287?
False
Is 4 a factor of 56?
True
Is 3 a factor of 2505?
True
Is 23 a factor of 460?
True
Does 19 divide 7163?
True
Is 53 a factor of 1019?
False
Does 12 divide 48564?
True
Does 15 divide 378?
False
Is 12935 a multiple of 158?
False
Is 12175 a multiple of 5?
True
Does 13 divide 156?
True
Does 29 divide 13844?
False
Does 3 divide 331?
False
Is 672 a multiple of 32?
True
Is 348 a multiple of 19?
False
Is 2509 a multiple of 7?
False
Does 22 divide 10073?
False
Is 10058 even?
True
Is 31 a factor of 2697?
True
Does 143 divide 9692?
False
Does 15 divide 20550?
True
Is 32 a factor of 8224?
True
Is 8556 a multiple of 17?
False
Is 9 a factor of 8316?
True
Is 32 a factor of 6272?
True
Does 44 divide 1233?
False
Does 7 divide 91?
True
Does 104 divide 28600?
True
Is 61180 a multiple of 14?
True
Is 1607 a multiple of 56?
False
Is 86 a factor of 1204?
True
Is 93 a factor of 70122?
True
Does 46 divide 1518?
True
Is 9650 a multiple of 10?
True
Does 37 divide 37376?
False
Is 9 a factor of 372?
False
Does 50 divide 53220?
False
Does 229 divide 83750?
False
Is 139 a factor of 2363?
True
Does 3 divide 1576?
False
Is 7 a factor of 526?
False
Is 22092 a multiple of 12?
True
Is 9 a factor of 19962?
True
Is 11 a factor of 1243?
True
Is 61609 a multiple of 17?
False
Is 13 a factor of 344?
False
Does 107 divide 2354?
True
Is 48 a factor of 10936?
False
Is 8 a factor of 11237?
False
Does 3 divide 351?
True
Does 68 divide 1496?
True
Does 43 divide 19651?
True
Is 93 a multiple of 19?
False
Is 17 a factor of 187?
True
Is 5 a factor of 590?
True
Is 243 a factor of 91885?
False
Is 13 a factor of 366?
False
Is 36 a factor of 118?
False
Is 796 a multiple of 4?
True
Does 118 divide 20798?
False
Is 548 a multiple of 4?
True
Is 2084 a multiple of 5?
False
Is 29315 a multiple of 5?
True
Is 948 a multiple of 12?
True
Is 8358 a multiple of 14?
True
Is 2058 a multiple of 98?
True
Is 4680 a multiple of 30?
True
Is 134 a factor of 19832?
True
Is 8 a factor of 40?
True
Is 119 a factor of 2871?
False
Does 64 divide 9467?
False
Does 52 divide 2927?
False
Is 17747 a multiple of 25?
False
Is 16 a factor of 2624?
True
Is 40 a factor of 2036?
False
Is 1053 even?
False
Does 122 divide 3313?
False
Is 123 a factor of 22263?
True
Does 18 divide 546?
False
Is 4 a factor of 403?
False
Is 18 a factor of 2214?
True
Is 657 a multiple of 27?
False
Does 24 divide 2190?
False
Is 21 a factor of 4867?
False
Does 129 divide 4416?
False
Is 71 a factor of 1048?
False
Does 53 divide 31906?
True
Does 272 divide 7344?
True
Does 77 divide 5775?
True
Does 18 divide 105?
False
Is 7 a factor of 339?
False
Does 5 divide 3374?
False
Is 246 a factor of 127428?
True
Does 87 divide 17922?
True
Is 528 a multiple of 16?
True
Does 18 divide 162?
True
Does 10 divide 56860?
True
Does 126 divide 13714?
False
Is 547 a multiple of 13?
False
Does 22 divide 6610?
False
Is 38430 a multiple of 42?
True
Is 4434 a multiple of 5?
False
Is 15 a factor of 49335?
True
Is 1429 a multiple of 13?
False
Is 16125 a multiple of 129?
True
Does 50 divide 500?
True
Is 6 a factor of 1628?
False
Is 13 a factor of 4095?
True
Does 19 divide 7011?
True
Is 10 a factor of 365?
False
Is 22 a factor of 24992?
True
Is 1336 a multiple of 4?
True
Does 11 divide 2302?
False
Is 5 a factor of 1068?
False
Is 4455 a multiple of 9?
True
Is 1020 a multiple of 170?
True
Is 5253 a multiple of 103?
True
Is 4050 a multiple of 30?
True
Does 12 divide 1644?
True
Is 26 a factor of 390?
True
Is 5 a factor of 228?
False
Does 46 divide 1242?
True
Is 12181 a multiple of 13?
True
Does 110 divide 440?
True
Does 53 divide 477?
True
Is 56678 a multiple of 17?
True
Is 19 a factor of 2855?
False
Is 1565 a multiple of 20?
False
Is 4 a factor of 272?
True
Is 58191 a multiple of 267?
False
Does 78 divide 9343?
False
Is 4 a factor of 472?
True
Is 6564 a multiple of 5?
False
Does 17 divide 72216?
True
Is 1842 a multiple of 73?
False
Is 65 a factor of 28484?
False
Is 9 a factor of 135?
True
Is 10 a factor of 565?
False
Is 82 a factor of 4587?
False
Does 